Suppose 10 = 4*b + 26. Let u(y) = -2*y**3 - 5*y**2 - 2*y + 1. What are the prime factors of u(b)?
3, 19
Let g(l) = 50*l - 694. What are the prime factors of g(54)?
2, 17, 59
Let p(u) = -u**2 + 4*u + 36. Let c be p(10). Let o(s) = -s - 4. Let l be o(6). Let m = l - c. List the prime factors of m.
2, 7
What are the prime factors of (((-126)/12)/(-7))/((-6)/(-11784))?
2, 3, 491
Let x(w) = w**3 - 10*w**2 + 3*w + 5. Let i(v) = -v**3 + 13*v**2 + 14*v + 5. Let q be i(14). Suppose q = r - 5. List the prime factors of x(r).
5, 7
Let m(v) = -3 + v**2 - 4*v - 11 - 7 + 5. Let r be m(5). Let x = 59 - r. List the prime factors of x.
2, 5, 7
Let l(i) = 26*i**2 - 27*i + 8. List the prime factors of l(6).
2, 17, 23
Let a(s) = -130*s**2 + 2*s. Let l be a(1). Let d be 7 + -2 + -1 - l. Suppose 0*f - 3*f = -d. What are the prime factors of f?
2, 11
Suppose -5*f - 18 = 7, 6505 = 5*t - 5*f. List the prime factors of t.
2, 3
Let j(p) = -p - 10. Let d be j(-11). Let n(t) = 6*t**2 + 2*t - 1. Let m be n(d). Let b(x) = x**2 - 4*x + 3. What are the prime factors of b(m)?
2, 3
Let u(d) = 6*d - 2 - d - 3*d + 11 + d**2. What are the prime factors of u(4)?
3, 11
Let m be (0 + -1 + (-33)/9)*18. Let x = m - -201. What are the prime factors of x?
3, 13
Let c = -47 + 53. Suppose -2*s + 44 = -c*h + 8*h, 4*h - 3*s = 74. List the prime factors of h.
2, 5
Suppose -8*k + 30159 - 10343 = 0. What are the prime factors of k?
2477
Let w(q) = -8*q**3 - 4*q**2 - 5*q - 1. List the prime factors of w(-2).
3, 19
Let o = -1573 + 5194. List the prime factors of o.
3, 17, 71
Let b = -91 + 101. Let n(x) = x**2 - 8*x + 3. Let v be n(6). List the prime factors of b + v/(27/(-12)).
2, 7
Suppose 5*h + 9*v - 4*v = 3450, -v = 2*h - 1376. What are the prime factors of h?
2, 7
Suppose -368*m + 371*m - 4497 = 0. What are the prime factors of m?
1499
What are the prime factors of (19 - 22)/(1849/925 + -2)?
3, 5, 37
Let u = 10 - 5. Suppose m - u*m = 0. Suppose j - o - 4 - 6 = 0, -5*o + 5 = m. List the prime factors of j.
11
Let c be 22/2 + (-20)/10. Suppose -1 = 2*f - c. Suppose 2*d - 32 = -2*w, 0*w = f*w - 4*d - 56. List the prime factors of w.
3, 5
Suppose -6*b = 3*t - 10*b - 4232, -5*b + 1417 = t. List the prime factors of t.
2, 353
Let w = -156 - -484. Suppose -5*d = -3*k - 750, 0 = -3*d + 2*k + 122 + w. List the prime factors of d.
2, 3, 5
Let w(c) = -5*c**2 + 74*c - 6. Let k(x) = x**2 - 15*x + 1. Let h(t) = -11*k(t) - 2*w(t). List the prime factors of h(14).
43
Let p be (-4)/10 + 7/5. List the prime factors of 165 - (p + 12/(-4)).
167
Suppose -5*s + 4 = 9. List the prime factors of (-444)/(-4) + (s - -3).
113
List the prime factors of ((-4)/(-6))/(4/3516 - 0).
2, 293
Suppose 11*l = 3304 - 22279. What are the prime factors of (8/20)/(40/l)*-4?
3, 23
Let p(d) = d**3 - 7*d**2 + 3*d - 3. Suppose 2*n - 32 = -4*w, n + 3*n = 3*w - 13. Let z be p(w). Let a = z + -14. List the prime factors of a.
2
Let a = -56 - -60. Suppose -a*d + 2*x + 164 = -2*x, -49 = -d - 3*x. What are the prime factors of d?
43
Let i(j) = j**3 - 14*j**2 + 12*j + 18. Let r be i(13). Suppose 0 = r*c - 20, -3*c + 119 + 76 = 3*u. What are the prime factors of u?
61
Let r be (3 - 10/4)*122. Let z = r - -3. Let s = 92 - z. What are the prime factors of s?
2, 7
Let o be (-12)/(-9)*27/2. Let k be (o/4)/(12/(-32)). Let g(j) = -j + 12. List the prime factors of g(k).
2, 3
Let l(m) = -m**3 - 4*m**2 + 5*m + 6. Let k be l(-5). Let q(x) be the third derivative of x**4/6 - 13*x**3/6 - x**2. List the prime factors of q(k).
11
Suppose -2*t = 6, -i = i + 2*t - 460. Let z = i - 156. List the prime factors of z.
7, 11
Suppose -5*w - 2*u + 105 = 0, u = 5*w - 4*w - 14. Let x = -115 - -125. Let r = w - x. List the prime factors of r.
3
Let l be ((-15)/(-20))/(9/24). Suppose 0*n + l*n = -4. What are the prime factors of (-178)/(-10) + n/(-10)?
2, 3
Let p(c) = -c - 11. Let t be p(-8). Let m(g) = g + 2. Let s(u) = -u - 1. Let l(x) = 3*m(x) + 8*s(x). What are the prime factors of l(t)?
13
Suppose -4*x + 1027 = -5*s + 8*s, 0 = -x + s + 262. What are the prime factors of x?
7, 37
Let i be ((-20)/(-15))/((-8)/(-18)). List the prime factors of 122/i*(-12)/(-8).
61
Let l(v) = 5*v - 58. Let w(p) = -p - 2. Let j(i) = -l(i) - 3*w(i). List the prime factors of j(0).
2
Suppose -2 + 1 = z. What are the prime factors of ((-48)/(-21))/(z/(-7))?
2
Let i(k) = -9*k - 121*k**3 + 30*k + 1 - 12*k**3 - 19*k + 2*k**2. List the prime factors of i(-1).
2, 67
Let z(q) = 44*q**2 + 2*q - 2. Let p be z(1). Let w = 106 - p. Suppose 5*n = w + 103. List the prime factors of n.
3, 11
Let b(j) be the second derivative of -j**3/2 - 5*j**2/2 + j. List the prime factors of b(-8).
19
Let i = -186 - -302. What are the prime factors of i?
2, 29
Let c be (-9)/(-2) + 2/(-4). Let a(r) = -r**2 + 3*r + 9. List the prime factors of a(c).
5
Let d be 4*(-1)/(-10)*10. Let g = d - 2. Suppose -1 = -g*z + 3*l + 4, -2*z - 5*l = -13. List the prime factors of z.
2
Suppose -187 = 4*n - 663. What are the prime factors of n?
7, 17
Suppose -121 = -4*d + 1359. What are the prime factors of d?
2, 5, 37
Let t be (-2 - -1) + -1 + 91 + 3. Suppose -92 = -2*m - 2*x, 0 = -4*m + 2*m - x + t. What are the prime factors of m?
2, 23
Let n(z) = 8*z + 4. Let w be n(-3). Let x be (-8)/w - (-69)/15. Suppose -2*d + 0*a + 25 = 5*a, 3*d + x*a - 30 = 0. What are the prime factors of d?
5
List the prime factors of 18 + 369622/132 + (-1)/6.
2, 1409
Suppose 8*k = 37 - 5. Suppose -6 = -k*x + 2. What are the prime factors of x?
2
Let c = 9 - 6. Suppose -c*w + 68 = 4*s, 5*s - 86 = 5*w - 1. Suppose -a = -s - 3. What are the prime factors of a?
2, 5
Suppose o = 5, -3*w + 387 = -o - 856. List the prime factors of w.
2, 13
Suppose q + 8 = -q. Let o be -3 + -15 + q + -2. What are the prime factors of (-3 - -48)*o/(-20)?
2, 3
Let d = -9 + 14. Suppose 0 = 4*y - 5*a, -3*y + 4*a = -d*y. Suppose y = 3*w - 46 - 29. List the prime factors of w.
5
Let v(f) = -2*f - 11. Let k(o) = -o**2 + 4*o + 4. Let x be k(6). Let q be v(x). Suppose 0 = w - q*w + 28. List the prime factors of w.
7
Suppose -2*v + 7236 = -4*p, 10846 = 84*v - 81*v - 4*p. What are the prime factors of v?
2, 5, 19
Suppose 0 = 18*i - 27908 - 53740. What are the prime factors of i?
2, 3, 7
List the prime factors of 5/(-5 + 6)*(-16136)/(-20).
2, 2017
Let l be 4 + (-2 + -126)/(-2). Let u = l - 43. What are the prime factors of u?
5
Suppose -17 = 4*p - 65. What are the prime factors of 0 - (-6)/(p/334)?
167
Let g(f) be the first derivative of f**2/2 - f - 1. Let u be g(6). Suppose 3*c + i + 10 = 4*c, -u*i + 50 = 5*c. What are the prime factors of c?
2, 5
Suppose 2269 + 99651 = -20*z. List the prime factors of (-2)/12 - (-6 - z/(-48)).
2, 7
Let o be 4/18 + 14/(-63). Let c(y) = -3 + 0 + o + 9*y + 6. List the prime factors of c(3).
2, 3, 5
Suppose -138*n + 135*n + 4746 = 0. What are the prime factors of n?
2, 7, 113
Let r = 842 - 372. What are the prime factors of r?
2, 5, 47
Suppose 109*k - 78468 = 83*k. What are the prime factors of k?
2, 3, 503
Let h(q) = 28*q**3 + q**2 - 2*q - 4. What are the prime factors of h(3)?
5, 151
Suppose -10*f + 2 = -11*f. What are the prime factors of (-65)/15*6/f?
13
Let m be 1*11/3*3. Let h be 1/(-1)*m + 3. Let r = h - -17. What are the prime factors of r?
3
Suppose -r + 28 - 12 = -5*f, -f - 5 = -2*r. Let k be 1360/15 + r/3. Let j = k + -49. What are the prime factors of j?
2, 3, 7
Let q(y) = -y**2 - y - 1. Let l be q(-2). Suppose -15 = -5*i + 4*z, -5*i = -5*z - 11 - 9. What are the prime factors of (7 + 1)/(i - l)?
2
Suppose 0*p + 4467 = s - p, -p = -3*s + 13393. List the prime factors of s.
4463
Suppose 6*f + 8 = 8*f. Suppose f*g + 691 = 5*n + 3*g, 4*n - 576 = -5*g. List the prime factors of n.
139
Let u = -10 + 5. Let a be (-11)/((-3 + 4)/u). Suppose -3*p + 8*p - a = 0. List the prime factors of p.
11
Suppose -956 = -4*o - 4*i, i - 960 = -4*o - i. List the prime factors of o.
241
Suppose 0 = j + 2*a - 355, 0 = -j - a + 132 + 218. List the prime factors of j.
3, 5, 23
Suppose 2*c - 2*x - 12 = -2*c, -5*c + 4*x = -18. Suppose 3*p = 4*f - 8, 0*f + c*f - 26 = -4*p. What are the prime factors of 73/f - 2/(-5)?
3, 5
Suppose 2*v + 485 = 5*h + 7*v, 2*h = -3*v + 194. What are the prime factors of h?
97
Suppose -131*x + 28200 = -121*x. What are the prime factors of x?
2, 3,